{"id":9561,"date":"2023-06-08T20:28:29","date_gmt":"2023-06-08T18:28:29","guid":{"rendered":"https:\/\/fitprint.cz\/?product=samsung-clt-r406s-kompatibilni-valcova-jednotka"},"modified":"2023-10-23T08:04:48","modified_gmt":"2023-10-23T06:04:48","slug":"samsung-clt-r406s-kompatibilni-valcova-jednotka","status":"publish","type":"product","link":"https:\/\/fitprint.cz\/?product=samsung-clt-r406s-kompatibilni-valcova-jednotka","title":{"rendered":"Samsung CLT-R406S &#8211; kompatibiln\u00ed v\u00e1lcov\u00e1 jednotka"},"content":{"rendered":"<p><strong>Kompatibiln\u00ed s:<\/strong><\/p>\n<p>Samsung CLX-3300, Samsung CLX-3305, Samsung CLX-3305FN, Samsung CLX-3305FW, Samsung CLX-3305W, Samsung CLP-360, Samsung CLP-360 Series, Samsung CLP-360N, Samsung CLP-360ND, Samsung CLP-365, Samsung CLP-365W, Samsung SL-C460W, Samsung SL-C460FW, Samsung SL-C430W, Samsung SL-C430, Samsung SL-C480, Samsung SL-C480FN, Samsung SL-C480FW, Samsung SL-C480W, Samsung Xpress C410W, Samsung Xpress C430, Samsung Xpress C430W, Samsung Xpress C460FW, Samsung Xpress C460W, Samsung Xpress C467 W, Samsung Xpress C480, Samsung Xpress C480FN, Samsung Xpress C480FW, Samsung Xpress C480W<\/p>\n","protected":false},"excerpt":{"rendered":"<p>Kompatibiln\u00ed s: Samsung CLX-3300, Samsung CLX-3305, Samsung CLX-3305FN, Samsung CLX-3305FW, Samsung CLX-3305W, Samsung CLP-360, Samsung CLP-360 Series, Samsung CLP-360N, Samsung CLP-360ND, Samsung CLP-365, Samsung CLP-365W, Samsung SL-C460W, Samsung SL-C460FW, Samsung SL-C430W, Samsung SL-C430, Samsung SL-C480, Samsung SL-C480FN, Samsung SL-C480FW, Samsung SL-C480W, Samsung Xpress C410W, Samsung Xpress C430, Samsung Xpress C430W, Samsung Xpress C460FW, Samsung Xpress [&hellip;]<\/p>\n","protected":false},"featured_media":9221,"template":"","meta":[],"product_cat":[218,195],"product_tag":[305],"yoast_head":"<!-- This site is optimized with the Yoast SEO plugin v21.0 - https:\/\/yoast.com\/wordpress\/plugins\/seo\/ -->\n<title>Samsung CLT-R406S - kompatibiln\u00ed v\u00e1lcov\u00e1 jednotka - FitPrint<\/title>\n<meta name=\"robots\" content=\"index, follow, max-snippet:-1, max-image-preview:large, max-video-preview:-1\" \/>\n<link rel=\"canonical\" href=\"https:\/\/fitprint.cz\/?product=samsung-clt-r406s-kompatibilni-valcova-jednotka\" \/>\n<meta property=\"og:locale\" content=\"cs_CZ\" \/>\n<meta property=\"og:type\" content=\"article\" \/>\n<meta property=\"og:title\" content=\"Samsung CLT-R406S - kompatibiln\u00ed v\u00e1lcov\u00e1 jednotka - FitPrint\" \/>\n<meta property=\"og:description\" content=\"Kompatibiln\u00ed s: Samsung CLX-3300, Samsung CLX-3305, Samsung CLX-3305FN, Samsung CLX-3305FW, Samsung CLX-3305W, Samsung CLP-360, Samsung CLP-360 Series, Samsung CLP-360N, Samsung CLP-360ND, Samsung CLP-365, Samsung CLP-365W, Samsung SL-C460W, Samsung SL-C460FW, Samsung SL-C430W, Samsung SL-C430, Samsung SL-C480, Samsung SL-C480FN, Samsung SL-C480FW, Samsung SL-C480W, Samsung Xpress C410W, Samsung Xpress C430, Samsung Xpress C430W, Samsung Xpress C460FW, Samsung Xpress [&hellip;]\" \/>\n<meta property=\"og:url\" content=\"https:\/\/fitprint.cz\/?product=samsung-clt-r406s-kompatibilni-valcova-jednotka\" \/>\n<meta property=\"og:site_name\" content=\"FitPrint\" \/>\n<meta property=\"article:modified_time\" content=\"2023-10-23T06:04:48+00:00\" \/>\n<meta property=\"og:image\" content=\"https:\/\/fitprint.cz\/wp-content\/uploads\/2023\/06\/product_valec_4.jpg\" \/>\n\t<meta property=\"og:image:width\" content=\"1000\" \/>\n\t<meta property=\"og:image:height\" content=\"667\" \/>\n\t<meta property=\"og:image:type\" content=\"image\/jpeg\" \/>\n<meta name=\"twitter:card\" content=\"summary_large_image\" \/>\n<script type=\"application\/ld+json\" class=\"yoast-schema-graph\">{\"@context\":\"https:\/\/schema.org\",\"@graph\":[{\"@type\":\"WebPage\",\"@id\":\"https:\/\/fitprint.cz\/?product=samsung-clt-r406s-kompatibilni-valcova-jednotka\",\"url\":\"https:\/\/fitprint.cz\/?product=samsung-clt-r406s-kompatibilni-valcova-jednotka\",\"name\":\"Samsung CLT-R406S - kompatibiln\u00ed v\u00e1lcov\u00e1 jednotka - FitPrint\",\"isPartOf\":{\"@id\":\"https:\/\/fitprint.cz\/#website\"},\"datePublished\":\"2023-06-08T18:28:29+00:00\",\"dateModified\":\"2023-10-23T06:04:48+00:00\",\"breadcrumb\":{\"@id\":\"https:\/\/fitprint.cz\/?product=samsung-clt-r406s-kompatibilni-valcova-jednotka#breadcrumb\"},\"inLanguage\":\"cs\",\"potentialAction\":[{\"@type\":\"ReadAction\",\"target\":[\"https:\/\/fitprint.cz\/?product=samsung-clt-r406s-kompatibilni-valcova-jednotka\"]}]},{\"@type\":\"BreadcrumbList\",\"@id\":\"https:\/\/fitprint.cz\/?product=samsung-clt-r406s-kompatibilni-valcova-jednotka#breadcrumb\",\"itemListElement\":[{\"@type\":\"ListItem\",\"position\":1,\"name\":\"Home\",\"item\":\"https:\/\/fitprint.cz\/\"},{\"@type\":\"ListItem\",\"position\":2,\"name\":\"Shop\",\"item\":\"https:\/\/fitprint.cz\/?page_id=5\"},{\"@type\":\"ListItem\",\"position\":3,\"name\":\"Samsung CLT-R406S &#8211; kompatibiln\u00ed v\u00e1lcov\u00e1 jednotka\"}]},{\"@type\":\"WebSite\",\"@id\":\"https:\/\/fitprint.cz\/#website\",\"url\":\"https:\/\/fitprint.cz\/\",\"name\":\"FitPrint\",\"description\":\"levn\u00e9 tiskov\u00e9 tonery a n\u00e1pln\u011b pro tisk\u00e1rny\",\"publisher\":{\"@id\":\"https:\/\/fitprint.cz\/#organization\"},\"potentialAction\":[{\"@type\":\"SearchAction\",\"target\":{\"@type\":\"EntryPoint\",\"urlTemplate\":\"https:\/\/fitprint.cz\/?s={search_term_string}\"},\"query-input\":\"required name=search_term_string\"}],\"inLanguage\":\"cs\"},{\"@type\":\"Organization\",\"@id\":\"https:\/\/fitprint.cz\/#organization\",\"name\":\"FitPrint s.r.o.\",\"url\":\"https:\/\/fitprint.cz\/\",\"logo\":{\"@type\":\"ImageObject\",\"inLanguage\":\"cs\",\"@id\":\"https:\/\/fitprint.cz\/#\/schema\/logo\/image\/\",\"url\":\"https:\/\/fitprint.cz\/wp-content\/uploads\/2023\/04\/FitPrint_logo_1.svg\",\"contentUrl\":\"https:\/\/fitprint.cz\/wp-content\/uploads\/2023\/04\/FitPrint_logo_1.svg\",\"width\":230,\"height\":68,\"caption\":\"FitPrint s.r.o.\"},\"image\":{\"@id\":\"https:\/\/fitprint.cz\/#\/schema\/logo\/image\/\"}}]}<\/script>\n<!-- \/ Yoast SEO plugin. -->","yoast_head_json":{"title":"Samsung CLT-R406S - kompatibiln\u00ed v\u00e1lcov\u00e1 jednotka - FitPrint","robots":{"index":"index","follow":"follow","max-snippet":"max-snippet:-1","max-image-preview":"max-image-preview:large","max-video-preview":"max-video-preview:-1"},"canonical":"https:\/\/fitprint.cz\/?product=samsung-clt-r406s-kompatibilni-valcova-jednotka","og_locale":"cs_CZ","og_type":"article","og_title":"Samsung CLT-R406S - kompatibiln\u00ed v\u00e1lcov\u00e1 jednotka - FitPrint","og_description":"Kompatibiln\u00ed s: Samsung CLX-3300, Samsung CLX-3305, Samsung CLX-3305FN, Samsung CLX-3305FW, Samsung CLX-3305W, Samsung CLP-360, Samsung CLP-360 Series, Samsung CLP-360N, Samsung CLP-360ND, Samsung CLP-365, Samsung CLP-365W, Samsung SL-C460W, Samsung SL-C460FW, Samsung SL-C430W, Samsung SL-C430, Samsung SL-C480, Samsung SL-C480FN, Samsung SL-C480FW, Samsung SL-C480W, Samsung Xpress C410W, Samsung Xpress C430, Samsung Xpress C430W, Samsung Xpress C460FW, Samsung Xpress [&hellip;]","og_url":"https:\/\/fitprint.cz\/?product=samsung-clt-r406s-kompatibilni-valcova-jednotka","og_site_name":"FitPrint","article_modified_time":"2023-10-23T06:04:48+00:00","og_image":[{"width":1000,"height":667,"url":"https:\/\/fitprint.cz\/wp-content\/uploads\/2023\/06\/product_valec_4.jpg","type":"image\/jpeg"}],"twitter_card":"summary_large_image","schema":{"@context":"https:\/\/schema.org","@graph":[{"@type":"WebPage","@id":"https:\/\/fitprint.cz\/?product=samsung-clt-r406s-kompatibilni-valcova-jednotka","url":"https:\/\/fitprint.cz\/?product=samsung-clt-r406s-kompatibilni-valcova-jednotka","name":"Samsung CLT-R406S - kompatibiln\u00ed v\u00e1lcov\u00e1 jednotka - FitPrint","isPartOf":{"@id":"https:\/\/fitprint.cz\/#website"},"datePublished":"2023-06-08T18:28:29+00:00","dateModified":"2023-10-23T06:04:48+00:00","breadcrumb":{"@id":"https:\/\/fitprint.cz\/?product=samsung-clt-r406s-kompatibilni-valcova-jednotka#breadcrumb"},"inLanguage":"cs","potentialAction":[{"@type":"ReadAction","target":["https:\/\/fitprint.cz\/?product=samsung-clt-r406s-kompatibilni-valcova-jednotka"]}]},{"@type":"BreadcrumbList","@id":"https:\/\/fitprint.cz\/?product=samsung-clt-r406s-kompatibilni-valcova-jednotka#breadcrumb","itemListElement":[{"@type":"ListItem","position":1,"name":"Home","item":"https:\/\/fitprint.cz\/"},{"@type":"ListItem","position":2,"name":"Shop","item":"https:\/\/fitprint.cz\/?page_id=5"},{"@type":"ListItem","position":3,"name":"Samsung CLT-R406S &#8211; kompatibiln\u00ed v\u00e1lcov\u00e1 jednotka"}]},{"@type":"WebSite","@id":"https:\/\/fitprint.cz\/#website","url":"https:\/\/fitprint.cz\/","name":"FitPrint","description":"levn\u00e9 tiskov\u00e9 tonery a n\u00e1pln\u011b pro tisk\u00e1rny","publisher":{"@id":"https:\/\/fitprint.cz\/#organization"},"potentialAction":[{"@type":"SearchAction","target":{"@type":"EntryPoint","urlTemplate":"https:\/\/fitprint.cz\/?s={search_term_string}"},"query-input":"required name=search_term_string"}],"inLanguage":"cs"},{"@type":"Organization","@id":"https:\/\/fitprint.cz\/#organization","name":"FitPrint s.r.o.","url":"https:\/\/fitprint.cz\/","logo":{"@type":"ImageObject","inLanguage":"cs","@id":"https:\/\/fitprint.cz\/#\/schema\/logo\/image\/","url":"https:\/\/fitprint.cz\/wp-content\/uploads\/2023\/04\/FitPrint_logo_1.svg","contentUrl":"https:\/\/fitprint.cz\/wp-content\/uploads\/2023\/04\/FitPrint_logo_1.svg","width":230,"height":68,"caption":"FitPrint s.r.o."},"image":{"@id":"https:\/\/fitprint.cz\/#\/schema\/logo\/image\/"}}]}},"_links":{"self":[{"href":"https:\/\/fitprint.cz\/index.php?rest_route=\/wp\/v2\/product\/9561"}],"collection":[{"href":"https:\/\/fitprint.cz\/index.php?rest_route=\/wp\/v2\/product"}],"about":[{"href":"https:\/\/fitprint.cz\/index.php?rest_route=\/wp\/v2\/types\/product"}],"version-history":[{"count":1,"href":"https:\/\/fitprint.cz\/index.php?rest_route=\/wp\/v2\/product\/9561\/revisions"}],"predecessor-version":[{"id":10361,"href":"https:\/\/fitprint.cz\/index.php?rest_route=\/wp\/v2\/product\/9561\/revisions\/10361"}],"wp:featuredmedia":[{"embeddable":true,"href":"https:\/\/fitprint.cz\/index.php?rest_route=\/wp\/v2\/media\/9221"}],"wp:attachment":[{"href":"https:\/\/fitprint.cz\/index.php?rest_route=%2Fwp%2Fv2%2Fmedia&parent=9561"}],"wp:term":[{"taxonomy":"product_cat","embeddable":true,"href":"https:\/\/fitprint.cz\/index.php?rest_route=%2Fwp%2Fv2%2Fproduct_cat&post=9561"},{"taxonomy":"product_tag","embeddable":true,"href":"https:\/\/fitprint.cz\/index.php?rest_route=%2Fwp%2Fv2%2Fproduct_tag&post=9561"}],"curies":[{"name":"wp","href":"https:\/\/api.w.org\/{rel}","templated":true}]}}